et w be c - -5 - (6 - 3). Suppose 3*f = -w*f + 72. What is the tens digit of f?
2
Let p = -14 - -16. Let i(n) = -7 - 2*n**2 + 14*n - 2*n**2 - 6 + 3*n**p. What is the units digit of i(12)?
1
What is the units digit of 99 + (1 - 3*(-10)/(-6))?
5
Let w = -2 - 0. What is the tens digit of (-977)/(-13) + w/13?
7
Let q(s) = -25*s - 40. What is the tens digit of q(-5)?
8
Suppose -4*v + 3*q = -10663, -390 = -4*v - 2*q + 10268. What is the units digit of v?
5
Suppose 4*v - 8 + 24 = 5*s, -4*s + 2*v = -14. Suppose 0 = -s*f + 4, -226 = -5*u - 0*u + 4*f. What is the units digit of u?
6
Let n(d) = 3*d - 1. Let k be n(5). Let j = k - -41. What is the tens digit of j?
5
Let j = -96 + 183. Suppose j = f - 9. What is the tens digit of f?
9
Suppose -54 = 3*f + 5*h, 5*f + 4*h = -23 - 54. Let v(s) = s**3 + 12*s**2 - 13*s. Let l be v(f). Suppose -k - 3 + 10 = l. What is the units digit of k?
7
Let c = 4 - 10. Let t be 8/c*(-4 + 1). What is the units digit of 255/11 - t/22?
3
Let m(c) = c**3 - 17*c + 20. Suppose 2*r - 28 = -16. What is the units digit of m(r)?
4
Suppose 30646 = -93*l + 115*l. What is the units digit of l?
3
Suppose -36 = 2*k - k. Let m be k - 0/(-1 + 4). Let j = 53 + m. What is the units digit of j?
7
Let r(v) = -v - 40. Let d be r(0). What is the units digit of (6/(-4))/(2/d)?
0
Let g(k) = k**2 + 3*k + 12. Let z be g(-7). Let r = z - -100. What is the units digit of r?
0
Let c = 106 - 96. What is the units digit of 28/c*(5 + 0)?
4
Suppose 0*m + 4*m - 912 = 0. Suppose -4*p = -0*p - m. What is the tens digit of p?
5
Let u(p) = -p**2 + p. Let q(h) = 4*h**2 + 18*h - 14. Let m(x) = -q(x) - 3*u(x). Let w be m(-15). Let o = w + -31. What is the tens digit of o?
7
Let p be (-2)/10 + 172/10. Suppose -2*w - 16 = -j, 4*w + 21 = 3*j - 7. Let m = w + p. What is the units digit of m?
7
Let v(w) = w**2 - 4*w + 85. What is the hundreds digit of v(-18)?
4
Let g = 17 + -12. Suppose -2 + 112 = g*o. Suppose -17 - o = -3*i. What is the tens digit of i?
1
Suppose -8*g + 11*g = 0. Let w be (-2 + g)*(-6)/4. Suppose -134 = -5*r + w*c + 3, -3*c + 143 = 5*r. What is the tens digit of r?
2
Let n be -4*((-57)/6 + 3/6). Let b = -12 + 28. Let h = n - b. What is the tens digit of h?
2
Suppose 4*y = -3*i + 2000, -y + 2*i = -0*y - 500. What is the hundreds digit of y?
5
Suppose -3*a - a = 220. Let p = -263 + 346. Let b = p + a. What is the tens digit of b?
2
Let v = 9349 + -3964. What is the hundreds digit of v?
3
Let g be (-725)/75 - 4/3. What is the tens digit of 2/g - (5 + 3704/(-44))?
7
What is the tens digit of (2492/42)/(5/75)?
9
Let f be 416/(-5) - 10/(-50). Let i = f - -138. What is the units digit of i?
5
Suppose 4*q - 28 = 2*q. Let y(u) be the second derivative of 5*u**3/6 - 7*u**2 - 6*u. What is the tens digit of y(q)?
5
Let h = 2836 - 737. What is the units digit of h?
9
Suppose -502 = 5*v - 6692. Suppose 3*q - 758 = 2*p, 5*q + 3*p = -0*q + v. What is the hundreds digit of q?
2
Suppose -23*c + 21*c + 3074 = 0. What is the tens digit of c?
3
Suppose -3*a + 1330 + 881 = 0. What is the hundreds digit of a?
7
Suppose -3*i = 4*i - 7497. What is the units digit of i?
1
Suppose -555*f + 556*f = 159. What is the units digit of f?
9
Suppose 0 = 3*c - 7*c + 728. What is the hundreds digit of c?
1
Suppose -3 = -3*n - 2*j, 4*n - 3*n + 12 = -5*j. Let v(t) = -t - 4. Let i be v(-3). Let b = i + n. What is the units digit of b?
2
Suppose -2*m + 2*p + 1645 = 299, 0 = 2*m - 3*p - 1346. What is the units digit of m?
3
Let x = -12 + 11. Let y = x - -3. Let q = y + 8. What is the tens digit of q?
1
Suppose 0 = 3*p + 7 + 11. What is the units digit of (-4)/p*(6 - (-5 - 7))?
2
Let r(j) = -2951*j - 68. What is the thousands digit of r(-1)?
2
Let f(v) = 5*v - 6. Let w(s) = -6*s + 5. Let b(y) = 4*f(y) + 3*w(y). Suppose -9 = -5*o + 21. What is the units digit of b(o)?
3
Let n = 303 + -145. What is the hundreds digit of n?
1
Suppose w - 8 + 1 = 0. Let r = -2 + w. Suppose 57 = 3*i - i + u, -63 = -2*i + r*u. What is the units digit of i?
9
Let j(a) = 4*a**2 + 2*a - 7. Let k(c) = c**3 - 2*c**2 - 9*c - 1. Let l be k(4). What is the tens digit of j(l)?
8
Let x(r) = r**2 - 3*r + 10. Let y be x(-4). Let g = y + -33. Suppose g*u - 221 - 70 = -2*p, -2*u + 114 = 2*p. What is the tens digit of u?
5
Let b(r) = 21*r - 52 + r - 5*r. What is the tens digit of b(10)?
1
Suppose f - 164 = -4*y + 120, -5*y + 3*f = -355. What is the units digit of y?
1
Let d = 114 + -112. What is the units digit of 10458/45 + d/(-5)?
2
Let x = 12 - 8. Suppose 0 = -5*s - 3*v + 117, x*v = s - 2 - 3. What is the units digit of s?
1
Let o(n) = n**2 + 9*n + 12. Let y(x) = -3*x**2 - 27*x - 35. Let p(q) = -11*o(q) - 4*y(q). Let d be p(-8). What is the tens digit of 20 + 7 + d + -3?
2
Let y = 68 + 50. Let n = y - 45. What is the units digit of n?
3
Let u be 2/((-2)/(-1)) - 0. Let t(f) be the third derivative of 2*f**5/5 + f**4/24 - f**3/6 - 12*f**2. What is the units digit of t(u)?
4
Let u = -1 + 3. Let n = 0 + u. Suppose n*q + 3*i - 37 = 0, -3*i + 26 = q - 0*i. What is the units digit of q?
1
Suppose -7 + 19 = 4*s. Suppose 4*v + 5 = -4*j - s, 0 = -2*j + v + 11. Suppose j*i - 84 = -i. What is the units digit of i?
1
Suppose 0 = 24*a - 26*a + 8. Suppose 2*o = -2*r + 5*o + 77, 0 = -a*r - o + 147. What is the units digit of r?
7
Suppose 3*o + 5*r = 781, -o + 2*r = 4*r - 260. What is the units digit of o/4 + 6/(-12)?
5
Let a = 107 - -1464. What is the hundreds digit of a?
5
Let s = 1072 + -9. What is the hundreds digit of s?
0
Suppose -9*y = -5*y - 152. Let v = y - 2. Suppose v = t + 3. What is the tens digit of t?
3
Let u = 20 + -21. Let w be (1 + u)*2/6. Suppose 2*s - 4*o = 68, w = -5*o - 11 - 4. What is the units digit of s?
8
Suppose -5*r = -6*r + 116. Let s be r - 4/8*2. Suppose -s = -4*v + 5*i, -2*v + 2*i + 39 = -17. What is the units digit of v?
5
Suppose -489 = 2*c - 2595. What is the tens digit of c?
5
Let o(t) = -t**2 - 7*t + 768. What is the units digit of o(0)?
8
Let v(j) = -j - 14. Let m(r) = -3. Suppose 2*b - 52 = 2*c, -7 - 5 = -3*b. Let u(t) = c*m(t) + 4*v(t). What is the units digit of u(-7)?
8
Suppose 5696 = 3*m - 5*w, 0 = -2*m + 2*w + 2995 + 801. What is the tens digit of m?
9
Let l(p) = -8*p**3 + 3*p**2 + 18*p - 10. What is the units digit of l(-5)?
5
Let i = -793 + -275. What is the tens digit of i/(-14) + 12/(-42)?
7
Suppose 2*v - 16 = -2*v, 4*h + 3*v + 340 = 0. Let b be h/6*9/(-6). Let k = b - 10. What is the tens digit of k?
1
Let v(x) = -597*x + 66. What is the units digit of v(-2)?
0
Let l = 3809 + -1047. What is the thousands digit of l?
2
Suppose -2*y = -y + 1, -4*k + 529 = -y. What is the units digit of k?
2
Suppose 4*n = -2*l + 24, 5*n - 3*n = l + 8. Let f(m) = m**2 + m + 2. Let k be f(-3). What is the units digit of 64/2 - (k - n)?
9
Suppose 0 = 5*h + z - 24, 3*h + 2*z = h + 16. Suppose 2*p - h = 2*k + 8, 18 = 4*p - k. Suppose p*u = -3*u + 273. What is the tens digit of u?
3
Suppose 3*b + b - 2*t - 84 = 0, -3*b + 3*t + 60 = 0. Let l be (-2)/(3 + b/(-6)). Suppose 4*j = m - 8, 0*m - l*j - 11 = -m. What is the tens digit of m?
2
What is the units digit of (-8)/((-186)/(-96) + -2)?
8
Let y be 3 + 735/(1 + 2). Suppose -o + y = 106. What is the tens digit of o?
4
Let g = -547 + 1098. Let h = 391 - g. What is the tens digit of ((-7)/(-14))/((-2)/h)?
4
Suppose -3590 = -8*y + 1506. What is the units digit of y?
7
Suppose 2*j - 2*u - 738 = 0, -7*j + 5*j - u + 753 = 0. What is the tens digit of j?
7
Suppose 0 = 2*n - 4, n = -z + 3*n. Suppose -2*l + 9 = -2*q + 1, -z*l - 2*q = -4. Suppose -l*c - 3*c + 156 = 4*j, -j + 30 = -c. What is the units digit of j?
4
Suppose 0 = -30*c + 35*c - 5*y - 21835, 4*c - y - 17480 = 0. What is the hundreds digit of c?
3
Let d = -327 - -2156. What is the hundreds digit of d?
8
What is the units digit of 5/(-35) - (-2 + 6345/(-21))?
4
Let w(p) = 15 - 6*p + 2*p**2 - 9 + 4 - 2*p. What is the tens digit of w(4)?
1
Suppose -2*d = -d + 2*y + 2, 2*y = -3*d + 6. Suppose 0 = -a + 4*l + 321, d*l = a - 6*a + 1605. What is the hundreds digit of a?
3
Suppose -2*u = u + 18. Let i be 3/9 + (-40)/u. Let s(j) = -j**2 + 9*j - 3. What is the units digit of s(i)?
1
Let a be 2/(-5)*-5*5. Let w be (a - 6)/((-2)/(-1)). Suppose -w*d + 135 = d. What is the units digit of d?
5
Let l be ((-14)/21)/((-2)/39). Let o = -9 